{"id":12,"date":"2023-10-02T12:27:33","date_gmt":"2023-10-02T10:27:33","guid":{"rendered":"http:\/\/annekrahl.de\/?page_id=12"},"modified":"2024-11-09T18:55:03","modified_gmt":"2024-11-09T17:55:03","slug":"buecher","status":"publish","type":"page","link":"http:\/\/hpannekrahl.ddns.net\/?page_id=12","title":{"rendered":"B\u00fccher"},"content":{"rendered":"\n<h2 class=\"wp-block-heading\"><\/h2>\n\n\n\n<div class=\"wp-block-media-text is-stacked-on-mobile is-vertically-aligned-top\"><figure class=\"wp-block-media-text__media\"><img loading=\"lazy\" decoding=\"async\" width=\"348\" height=\"500\" src=\"http:\/\/hpannekrahl.ddns.net\/wp-content\/uploads\/2024\/11\/und_was_cover_klein.jpg\" alt=\"\" class=\"wp-image-541 size-full\" srcset=\"http:\/\/hpannekrahl.ddns.net\/wp-content\/uploads\/2024\/11\/und_was_cover_klein.jpg 348w, http:\/\/hpannekrahl.ddns.net\/wp-content\/uploads\/2024\/11\/und_was_cover_klein-209x300.jpg 209w\" sizes=\"auto, (max-width: 348px) 100vw, 348px\" \/><\/figure><div class=\"wp-block-media-text__content\">\n<p><strong>Und was gibt&#8217;s noch?<\/strong>  Roman, amicus, 2004<\/p>\n\n\n\n<p>Julia, eine von mehreren Millionen Singles, ist mit ihrem Leben eigentlich sehr zufrieden. Partys, shoppen gehen und sich mit Freundinnen treffen. Bis sie Thomas, dem Mann mit den warmen, braunen Augen begegnet. Ein Ereignis, welches ihr Dasein grundlegend ver\u00e4ndert. Anf\u00e4nglich l\u00e4sst sie sich von dieser neuen Erfahrung begeistern, vermisst aber bald das fr\u00fchere Leben und verf\u00e4llt zunehmend ihn ihren alten Trott. Das f\u00fchrt letztendlich dazu, dass sie einen folgenschweren Fehler begeht &#8230;<\/p>\n\n\n\n<p><\/p>\n\n\n\n<p>Ein Buch \u00fcber die Liebe und das Leben, und wie man mit beidem umgeht. Als Geschenk f\u00fcr den besten Freund, die beste Freundin oder an sich selbst.<\/p>\n<\/div><\/div>\n\n\n\n<p><\/p>\n\n\n\n<div class=\"wp-block-media-text has-media-on-the-right is-stacked-on-mobile is-vertically-aligned-top\"><div class=\"wp-block-media-text__content\">\n<p class=\"has-text-align-left\"><strong>Glaube an das Leben<\/strong>  Biografische Erz\u00e4hlung, amicus, 2006<\/p>\n\n\n\n<p>Als Tochter eines aus Polen stammenden Buchdruckers und einer Schauspielerin w\u00e4chst Adelheid mit 10 Geschwistern in Kamenz auf. Einer kaum sorgenfreien aber daf\u00fcr lehrreichen Kinder-und Jugendzeit folgen Jahre in Pirna, in denen sie sich mit neuen Umst\u00e4nden und Gegebenheiten arrangieren muss; lernt schlie\u00dflich auf ungew\u00f6hnliche Weise den Mann ihres Lebens kennen. Nach Kriegsbeginn, Hochzeit, Kindern, Umz\u00fcgen, Fl\u00fcchtlingsaufnahmen, dem Tod des geliebten Gatten und noch viel mehr Leid und Elend, bleibt selbst nach dem Krieg die Versorgungssituation lange noch kritisch. Existenz\u00e4ngste mit der eigenen Strickerei, deren Pleite und dem zaghaften Anf\u00e4ngen als Schwimm-und Bademeisterin im Geibeltbad k\u00f6nnen sie nicht ersch\u00fcttern. Weitere H\u00f6hen und Tiefen ziehen sich durch die n\u00e4chsten Jahre. In all der Zeit hat sie stets mit sehr viel Hingabe und Konsequenz daran gearbeitet, die in alle Teile Deutschlands verstreute Familie zusammenzuhalten. Das ist ihr bis heute gelungen. <\/p>\n\n\n\n<p><\/p>\n<\/div><figure class=\"wp-block-media-text__media\"><img loading=\"lazy\" decoding=\"async\" width=\"271\" height=\"500\" src=\"http:\/\/hpannekrahl.ddns.net\/wp-content\/uploads\/2024\/11\/glauben_an_cover_klein.jpg\" alt=\"\" class=\"wp-image-538 size-full\" srcset=\"http:\/\/hpannekrahl.ddns.net\/wp-content\/uploads\/2024\/11\/glauben_an_cover_klein.jpg 271w, http:\/\/hpannekrahl.ddns.net\/wp-content\/uploads\/2024\/11\/glauben_an_cover_klein-163x300.jpg 163w\" sizes=\"auto, (max-width: 271px) 100vw, 271px\" \/><\/figure><\/div>\n\n\n\n<p><\/p>\n\n\n\n<div class=\"wp-block-media-text is-stacked-on-mobile\"><figure class=\"wp-block-media-text__media\"><img loading=\"lazy\" decoding=\"async\" width=\"334\" height=\"500\" src=\"http:\/\/hpannekrahl.ddns.net\/wp-content\/uploads\/2024\/11\/ModusOperandi_klein.jpg\" alt=\"\" class=\"wp-image-540 size-full\" srcset=\"http:\/\/hpannekrahl.ddns.net\/wp-content\/uploads\/2024\/11\/ModusOperandi_klein.jpg 334w, http:\/\/hpannekrahl.ddns.net\/wp-content\/uploads\/2024\/11\/ModusOperandi_klein-200x300.jpg 200w\" sizes=\"auto, (max-width: 334px) 100vw, 334px\" \/><\/figure><div class=\"wp-block-media-text__content\">\n<p><strong>Modus Operandi<\/strong>  Kriminalroman, amicus, 2013<\/p>\n\n\n\n<p>S\u00f6lmnitz &#8211; ein beschauliches \u00d6rtchen irgendwo in Sachsen. Eine l\u00e4ndliche Idylle. An einem herrlichen Fr\u00fchlingstag entdecken zwei Spazierg\u00e4nger im Forst die nackte Leiche einer jungen Frau. Schnell spricht alles f\u00fcr Mord. Ein Schock f\u00fcr die Gemeinde, denn hier ist bisher nichts Derartiges passiert. Der erste und gleich ein kniffliger Fall f\u00fcr Frischkommissar Felix Findeisen, denn nichts ist so, wie es scheint. W\u00e4hrend der junge Ermittler im Dienst mit au\u00dfergew\u00f6hnlichen Methoden erstaunlich gut vorankommt, beginnt sein Unterbewusstsein eigene Wege einzuschlagen.<\/p>\n<\/div><\/div>\n\n\n\n<p><\/p>\n\n\n\n<div class=\"wp-block-media-text has-media-on-the-right is-stacked-on-mobile\"><div class=\"wp-block-media-text__content\">\n<p><strong>Maienschnee<\/strong>  Kriminalroman, amicus, 2015<\/p>\n\n\n\n<p>Als Johanna dieses alte Haus zum ersten Mal sieht, ist sie total fasziniert. Er war keine Frage: sie musste es haben! Kaum finden die erste Renovierungsarbeiten statt, beginnt eine Reihen merkw\u00fcrdiger Begebenheiten Die junge Frau, die beileibe nicht an Spuk glaubt, wird schnell eines Besseren belehrt Von \u00fcberm\u00e4chtigen Kr\u00e4ften gesteuert, scheint sie das Haus in seinen Bann zu halten, bis zu jenem denkw\u00fcrdigen Tag im Mai, an dem sich f\u00fcr Johanna alles \u00e4ndert und sie anf\u00e4ngt, der Sache auf den Grund zu gehen &#8230;<\/p>\n<\/div><figure class=\"wp-block-media-text__media\"><img loading=\"lazy\" decoding=\"async\" width=\"328\" height=\"500\" src=\"http:\/\/hpannekrahl.ddns.net\/wp-content\/uploads\/2024\/11\/maienschnee_cover_klein.jpg\" alt=\"\" class=\"wp-image-539 size-full\" srcset=\"http:\/\/hpannekrahl.ddns.net\/wp-content\/uploads\/2024\/11\/maienschnee_cover_klein.jpg 328w, http:\/\/hpannekrahl.ddns.net\/wp-content\/uploads\/2024\/11\/maienschnee_cover_klein-197x300.jpg 197w\" sizes=\"auto, (max-width: 328px) 100vw, 328px\" \/><\/figure><\/div>\n\n\n\n<p><\/p>\n\n\n\n<div class=\"wp-block-media-text is-stacked-on-mobile\" style=\"grid-template-columns:34% auto\"><figure class=\"wp-block-media-text__media\"><img loading=\"lazy\" decoding=\"async\" width=\"465\" height=\"500\" src=\"http:\/\/hpannekrahl.ddns.net\/wp-content\/uploads\/2024\/11\/Frontcover_ausverkauft.jpg\" alt=\"\" class=\"wp-image-537 size-full\" srcset=\"http:\/\/hpannekrahl.ddns.net\/wp-content\/uploads\/2024\/11\/Frontcover_ausverkauft.jpg 465w, http:\/\/hpannekrahl.ddns.net\/wp-content\/uploads\/2024\/11\/Frontcover_ausverkauft-279x300.jpg 279w\" sizes=\"auto, (max-width: 465px) 100vw, 465px\" \/><\/figure><div class=\"wp-block-media-text__content\">\n<p><strong>Laura und das G\u00e4nsebl\u00fcmchen<\/strong>  Kinderbuch, axiomy, 2016<\/p>\n\n\n\n<p>Als Laura auf der Wiese im Stadtpark das kleine G\u00e4nsebl\u00fcmchen fand, ahnte sie noch nicht, auf welch magische Reise sie sich bald begeben wird. Wenn Ihr wollt, kommt doch einfach mit &#8230;<\/p>\n<\/div><\/div>\n\n\n\n<p><\/p>\n\n\n\n<div class=\"wp-block-media-text has-media-on-the-right is-stacked-on-mobile is-vertically-aligned-top\" style=\"grid-template-columns:auto 35%\"><div class=\"wp-block-media-text__content\">\n<p><strong>Laura und das G\u00e4nsebl\u00fcmchen<\/strong>, 2. Auflage  Kinderbuch, Carow, 2017<\/p>\n\n\n\n<p>Den ganzen Tag im Freien &#8211; Sonne, frische Luft und Vogelgezwitscher &#8230; ach, das Leben eines G\u00e4nsebl\u00fcmchens muss herrlich sein. Kein Tischdecken, Aufr\u00e4umen oder sonstige Verpflichtungen. So denkt zumindest die kleine Laura, als sie ein G\u00e4nsebl\u00fcmchen betrachtet. Was sie allerdings noch nicht wei\u00df: schon bald geht sie auf eine magische Traumreise. Wenn Ihr wollt, kommt doch einfach mit.<\/p>\n<\/div><figure class=\"wp-block-media-text__media\"><img loading=\"lazy\" decoding=\"async\" width=\"349\" height=\"499\" src=\"http:\/\/hpannekrahl.ddns.net\/wp-content\/uploads\/2024\/11\/Cover_Laura_neu.jpg\" alt=\"\" class=\"wp-image-536 size-full\" srcset=\"http:\/\/hpannekrahl.ddns.net\/wp-content\/uploads\/2024\/11\/Cover_Laura_neu.jpg 349w, http:\/\/hpannekrahl.ddns.net\/wp-content\/uploads\/2024\/11\/Cover_Laura_neu-210x300.jpg 210w\" sizes=\"auto, (max-width: 349px) 100vw, 349px\" \/><\/figure><\/div>\n\n\n\n<p><\/p>\n\n\n\n<div class=\"wp-block-media-text alignwide is-stacked-on-mobile\" style=\"grid-template-columns:36% auto\"><figure class=\"wp-block-media-text__media\"><img loading=\"lazy\" decoding=\"async\" width=\"356\" height=\"500\" src=\"http:\/\/hpannekrahl.ddns.net\/wp-content\/uploads\/2024\/11\/24-Tuerchen.jpg\" alt=\"\" class=\"wp-image-533 size-full\" srcset=\"http:\/\/hpannekrahl.ddns.net\/wp-content\/uploads\/2024\/11\/24-Tuerchen.jpg 356w, http:\/\/hpannekrahl.ddns.net\/wp-content\/uploads\/2024\/11\/24-Tuerchen-214x300.jpg 214w\" sizes=\"auto, (max-width: 356px) 100vw, 356px\" \/><\/figure><div class=\"wp-block-media-text__content\">\n<p><strong>24 T\u00fcrchen<\/strong>  Ein Adventskalenderbuch, Geschichten, Carow, 2018<\/p>\n\n\n\n<p>Mit Weihnachten verbindet jeder ganz eigene Erinnerungen, Geschichten und Gef\u00fchle. Die Zeit bis zum gro\u00dfen Fest vers\u00fc\u00dfte oft ein Kalender mit Bildern, Naschereien oder kleinen Geschenken. Das Adventskalenderbuch stimmt mit 24 Geschichten, Gedichten und Anekdoten Tag f\u00fcr Tag ein bisschen mehr auf Weihnachten ein. <\/p>\n<\/div><\/div>\n\n\n\n<p><\/p>\n\n\n\n<div class=\"wp-block-media-text has-media-on-the-right is-stacked-on-mobile\"><div class=\"wp-block-media-text__content\">\n<p><strong>Erdbeerpflanze Adelheid bekommt ein Baby<\/strong>  Kinderbuch, SoTo Media Verlag, 2019<\/p>\n\n\n\n<p>Woher kommen die Babys? V\u00f6gel und Schnecken legen Eier, Igel und Maus bekommen lebende Jungen und Tulpen und Narzissen bilden kleine Zwiebeln. Erdbeerpflanze Adelheid h\u00e4tte auch gern ein Baby, aber sie wei\u00df nicht wie! Vielleicht bekommt sie in diesem Buch eine Antwort.<\/p>\n<\/div><figure class=\"wp-block-media-text__media\"><img loading=\"lazy\" decoding=\"async\" width=\"500\" height=\"495\" src=\"http:\/\/hpannekrahl.ddns.net\/wp-content\/uploads\/2024\/11\/Cover_Adelheid_vorn.jpg\" alt=\"\" class=\"wp-image-534 size-full\" srcset=\"http:\/\/hpannekrahl.ddns.net\/wp-content\/uploads\/2024\/11\/Cover_Adelheid_vorn.jpg 500w, http:\/\/hpannekrahl.ddns.net\/wp-content\/uploads\/2024\/11\/Cover_Adelheid_vorn-300x297.jpg 300w, http:\/\/hpannekrahl.ddns.net\/wp-content\/uploads\/2024\/11\/Cover_Adelheid_vorn-150x150.jpg 150w, http:\/\/hpannekrahl.ddns.net\/wp-content\/uploads\/2024\/11\/Cover_Adelheid_vorn-75x75.jpg 75w\" sizes=\"auto, (max-width: 500px) 100vw, 500px\" \/><\/figure><\/div>\n\n\n\n<p><\/p>\n\n\n\n<div class=\"wp-block-media-text is-stacked-on-mobile\" style=\"grid-template-columns:37% auto\"><figure class=\"wp-block-media-text__media\"><img loading=\"lazy\" decoding=\"async\" width=\"343\" height=\"500\" src=\"http:\/\/hpannekrahl.ddns.net\/wp-content\/uploads\/2024\/11\/Cover_Es_ist_an_der_Zeit.jpg\" alt=\"\" class=\"wp-image-535 size-full\" srcset=\"http:\/\/hpannekrahl.ddns.net\/wp-content\/uploads\/2024\/11\/Cover_Es_ist_an_der_Zeit.jpg 343w, http:\/\/hpannekrahl.ddns.net\/wp-content\/uploads\/2024\/11\/Cover_Es_ist_an_der_Zeit-206x300.jpg 206w\" sizes=\"auto, (max-width: 343px) 100vw, 343px\" \/><\/figure><div class=\"wp-block-media-text__content\">\n<p><strong>Es ist an der Zeit<\/strong>  Feuilleton, SoTo Media Verlag, 2020<\/p>\n\n\n\n<p>Eine philosophische Reise durch die Zeit mit vielen Fragen, Wissenswertem, Interessantem uns Kuriosem. Wer sich auf diese Reise begeben will, ist herzlich eingeladen.<\/p>\n<\/div><\/div>\n\n\n\n<p><\/p>\n","protected":false},"excerpt":{"rendered":"<p>Und was gibt&#8217;s noch? Roman, amicus, 2004 Julia, eine von mehreren Millionen Singles, ist mit ihrem Leben eigentlich sehr zufrieden. Partys, shoppen gehen und sich mit Freundinnen treffen. Bis sie Thomas, dem Mann mit den warmen, braunen Augen begegnet. Ein Ereignis, welches ihr Dasein grundlegend ver\u00e4ndert. Anf\u00e4nglich l\u00e4sst sie sich von dieser neuen Erfahrung begeistern, vermisst aber bald das fr\u00fchere &hellip; <\/p>\n","protected":false},"author":1,"featured_media":0,"parent":0,"menu_order":0,"comment_status":"closed","ping_status":"closed","template":"","meta":{"footnotes":""},"class_list":["post-12","page","type-page","status-publish","hentry"],"_links":{"self":[{"href":"http:\/\/hpannekrahl.ddns.net\/index.php?rest_route=\/wp\/v2\/pages\/12","targetHints":{"allow":["GET"]}}],"collection":[{"href":"http:\/\/hpannekrahl.ddns.net\/index.php?rest_route=\/wp\/v2\/pages"}],"about":[{"href":"http:\/\/hpannekrahl.ddns.net\/index.php?rest_route=\/wp\/v2\/types\/page"}],"author":[{"embeddable":true,"href":"http:\/\/hpannekrahl.ddns.net\/index.php?rest_route=\/wp\/v2\/users\/1"}],"replies":[{"embeddable":true,"href":"http:\/\/hpannekrahl.ddns.net\/index.php?rest_route=%2Fwp%2Fv2%2Fcomments&post=12"}],"version-history":[{"count":2,"href":"http:\/\/hpannekrahl.ddns.net\/index.php?rest_route=\/wp\/v2\/pages\/12\/revisions"}],"predecessor-version":[{"id":895,"href":"http:\/\/hpannekrahl.ddns.net\/index.php?rest_route=\/wp\/v2\/pages\/12\/revisions\/895"}],"wp:attachment":[{"href":"http:\/\/hpannekrahl.ddns.net\/index.php?rest_route=%2Fwp%2Fv2%2Fmedia&parent=12"}],"curies":[{"name":"wp","href":"https:\/\/api.w.org\/{rel}","templated":true}]}}